Let g be 58/(-18) + 3 - 7620/(-27). Let x = 353 + g. Is x prime?
False
Let g(x) = x + 1. Let l be g(5). Let w = 196 + -191. Suppose 2*q + u - 248 = l*u, 0 = 3*q - w*u - 382. Is q a prime number?
False
Suppose 39087 = 5*p - 2*d - 0*d, -5 = 5*d. Is p composite?
False
Suppose -24*q + 27*q = 9. Let r be (-20)/(-6) - 4/q. Suppose 2*o - 325 = -r*d + 177, 5*o = 0. Is d a prime number?
True
Suppose 17*o + 4*y + 9777 = 20*o, 0 = -3*y. Is o composite?
False
Suppose 23*q - 31428 = 100753. Is q composite?
True
Suppose 0 = 3*r + 4 - 7. Let o = 3 - r. Is 2/4 + 85/o composite?
False
Let k = 14 - 9. Suppose -13 = 2*d - k*b + 8, d - 5*b + 23 = 0. Suppose 4*c - 302 = -3*g, -3*c + 3*g + 83 = -d*c. Is c prime?
False
Let h be 10/(-85) + (-438)/34. Let r(z) = 8*z**2 + 10*z - 45. Is r(h) a composite number?
True
Let x be 2/(-5) - (-192632)/55. Suppose 5*l - 3988 = x. Suppose 0 = -5*f + l - 443. Is f composite?
False
Suppose 2*p - p = -3*s + 10, 0 = -3*p + 2*s - 3. Suppose -5*z + 0*z = 2*r - 28, -r + 5 = z. Let i = p + z. Is i a prime number?
True
Let l be (-4)/14 + 970/(-35). Is 1*l*(1242/24)/(-9) a composite number?
True
Let t(h) = -2*h - 2. Let d be t(-10). Suppose 3*s - d = -3*s. Suppose -s*x = x - 452. Is x composite?
False
Let d(t) = 0*t - 14*t + 7 + t**2 + 2. Let m be d(14). Is m/45 - 2394/(-5) prime?
True
Let y(n) = -2*n - 6. Let a(d) = -d**2 - 10*d + 8. Let o be a(-11). Let q be y(o). Suppose -3*b - 9 = q, -4*l + 4*b - 25 = -413. Is l composite?
True
Let v(l) = 4*l**2 + 8*l + 5. Let f(p) = -11*p**2 - 25*p - 15. Let k(y) = 2*f(y) + 7*v(y). Suppose -3*s + s = -12. Is k(s) prime?
True
Let d(z) be the first derivative of -z**2/2 - 7*z - 2. Let g be d(-15). Suppose -g*v = -5*v - 165. Is v prime?
False
Is (-1 - (-2)/(-2))/(132/(-243606)) prime?
True
Let f be (0/(3 + 1))/1. Suppose f = x - 63 - 416. Is x prime?
True
Let t be 34/8 - (-2)/(-8). Suppose -t*h + 6*h - 278 = 0. Is h prime?
True
Suppose 4*o = o + 21. Suppose 5*w - o*t = -4*t - 27, 32 = -4*w + 5*t. Is (2540/(-12) - 2)*w prime?
True
Let n(s) = s**3 + 7*s**2 - 23. Let v be n(-6). Suppose v*r - r = 3012. Is r a composite number?
False
Let g = -8787 - -44768. Is g prime?
False
Let l = 1471 - -1806. Is l a prime number?
False
Let r = 234139 - 152322. Is r prime?
True
Let g = -843 + 1364. Is g a composite number?
False
Suppose u - 4*u = -135. Suppose -5*s = -5*j + u, -2*j + 6 = -s - 6. Let l(f) = -f**3 - 7*f - 5. Is l(s) a composite number?
True
Is 2/34 + (-20382252)/(-867) composite?
False
Let t = -134 + 167. Is t composite?
True
Suppose 2*y + 0*d - 14 = -4*d, 11 = y + 4*d. Suppose 0 = y*r + 4*w - 404 - 231, 3*w - 1051 = -5*r. Is r a prime number?
False
Suppose -28*h + 104019 - 11647 = 0. Is h prime?
True
Suppose -2*j + 9 = -3. Let v(w) = -w**2 - w + 16. Let d be v(-4). Is (-1542)/(-4)*d/j prime?
True
Let d(o) = 278*o**2 - 32*o + 1. Is d(11) a prime number?
True
Is (17558/(-9))/((-82)/369) a prime number?
True
Let f = -77731 + 127828. Is f a composite number?
True
Suppose j - 832 = 2*m + 1633, 5*j - 2*m - 12333 = 0. Is j composite?
False
Suppose 25*g = 30*g - 205. Let k = g - 34. Is k a composite number?
False
Let k be 2/(-1 - (-51)/45). Let g(l) = -l**3 + 16*l**2 + 7*l - 13. Is g(k) composite?
False
Let o(f) be the second derivative of 5*f**4/12 - 4*f**3/3 - 4*f**2 + 6*f. Is o(-9) a composite number?
True
Let p be (-22488)/(-2) - (4/(-4) + -3). Let q = -4097 + p. Is q prime?
True
Let f(d) = -51*d**3 + 18*d**2 - 7*d - 11. Is f(-4) prime?
False
Let p = -79719 + 153110. Is p composite?
True
Suppose 12*c - i = 7*c + 40032, 5*c - 40024 = -3*i. Is c a composite number?
True
Is -121269*(-1)/(-5 - -8) prime?
True
Let i(t) = -6*t**2 + 0 + 5 + 5*t**2 + 14*t. Let y be i(14). Suppose 2*a + y*c = 1764, -1714 - 68 = -2*a + 4*c. Is a a composite number?
False
Let q = -3 + 39. Suppose -6*d + 9*d + q = 0. Is 2/(-12) - 86/d a prime number?
True
Let r = 3250 + -1831. Let z = r - 884. Is z composite?
True
Suppose 4*y - 5 - 15 = 0. Let o = -6 - y. Let p(a) = 2*a**2 + 6*a + 9. Is p(o) a prime number?
False
Let f(x) = 87*x**2 - 90*x + 79. Is f(-22) a prime number?
False
Let w be (3/(-15) + 1)/(3/(-60)). Let l(u) = 3*u**2 + 35*u - 21. Is l(w) prime?
False
Let d(c) = -11*c. Let t be d(1). Let b = t + 14. Suppose o = 5*q - 553, -b*o - 559 = -5*q - 5*o. Is q a prime number?
False
Suppose -20 = -4*f, 7*v - 53169 = 3*v - f. Is v a composite number?
False
Let n = 10 - 8. Suppose -2*y - 5*w = 46, -4*w + 0*w = -n*y - 82. Let v = 152 + y. Is v a composite number?
True
Suppose 3*i = 3*g + 21045, i = 5*g + 6*i + 35125. Is -5 - (-17)/((-51)/g) prime?
False
Let v = -25 - -24. Is (75 - 4) + 0/v a composite number?
False
Let l(r) = 635*r + 72. Is l(11) a prime number?
True
Let r be 401222/(-8) + 3/(-12). Is r/(-7) - 12/(-42) a prime number?
False
Let o(r) = 3*r**2 + 4*r + 3. Let s be o(-3). Suppose -3*a + 2*a = -5*z + s, 2*z = -a + 17. Let d = a + 2. Is d prime?
False
Suppose -r + 36 = 8*r. Suppose -5*c = r*i - 10093, 11*i + 3*c = 7*i + 10083. Is i prime?
False
Suppose f - 148 = -2*s + 131, 0 = -2*f - 2*s + 558. Is (-1 + f/12)/((-6)/(-264)) a prime number?
False
Suppose 3*y + 23019 = 2*u, 4*u - 24276 = 3*y + 21771. Is (-4)/(-6) + (3 - u/(-9)) a composite number?
False
Let s be (3686/(-3))/(38/(-57)). Let b = s + -1098. Is b prime?
False
Is (20/8 - 3)*(-2389 - -3) prime?
True
Let z = 42073 - 29474. Is z a prime number?
False
Suppose 5140 = 5*z + 2*h, h - 2057 = -3*z + z. Suppose -z + 3656 = 5*t. Let v = t + -323. Is v prime?
False
Suppose 3*o = 4*f + 4, 0 = -0*f + 4*f - 5*o + 4. Let r be f/(-2) - 18/(-12). Suppose 0 = -n - 2*c + 1875, -2*n + 3*c + r*c + 3786 = 0. Is n composite?
True
Suppose 4*g = 42 + 2. Suppose 3*l = g - 2. Is l + (-3 + 105)*4 a prime number?
False
Let p(y) be the third derivative of 3*y**5/20 + 7*y**4/24 + 7*y**3/6 + 10*y**2. Is p(-9) composite?
False
Is (1 + (-215)/(-15))/((-2)/(-51)) a prime number?
False
Is 14*137*53/106 prime?
False
Let f = 2237 + -1358. Suppose -4*i + 317 + f = 0. Is i prime?
False
Let d(b) = -2*b**3 + 11*b**2 - 4*b - 4. Let k be d(4). Suppose -4*t + r + 91 = 0, 3*r + k = t + r. Is t a composite number?
True
Suppose -2*i = -i + 21. Let a = i - -34. Let b = a + -6. Is b a composite number?
False
Let k(d) = -10*d**3 - d - 1. Let p be k(-1). Let g be p - 9 - (-2 + 1). Suppose 5*i = g*n + 172, -4 = -0*n + 4*n. Is i prime?
False
Let b(d) = 4*d + d**2 - 2*d**2 + 14 - 12. Let g be b(4). Is 404 + 0 + g + 1 a prime number?
False
Suppose 2*a - 4 = 0, -s = -6*s - 5*a + 8335. Let x = s + -994. Suppose 0 = -5*y + 254 + x. Is y prime?
False
Is ((-3)/60*-8)/((-3)/(-22665)) a composite number?
True
Suppose -c = -3*c - 3*n - 17, 0 = -5*c + 5*n - 5. Let m(q) = q**2 + 6*q. Let v be m(c). Let w(s) = -s + 3. Is w(v) a prime number?
True
Let i(h) = 28 - 10*h + 56*h - 14*h - 18*h + 5*h**2. Is i(-13) a composite number?
False
Is ((-2)/(-56)*77)/((-2)/(-11848)) composite?
True
Let h = -22 - -22. Suppose -3*i + 9 = 3*z, 4*z + 2*i = -h*z + 18. Is z composite?
True
Let q(x) = 36*x - 1. Suppose 0 = -2*z - 5*d - 7, 0 = z - d - 0*d. Let c be q(z). Let g = c - -60. Is g composite?
False
Suppose 2*i + i - 18 = 2*d, 3*i + 5*d + 3 = 0. Suppose -2*y - i*x + 370 = 0, -y - 3*y = 3*x - 755. Is y a prime number?
True
Let d(o) = o**2 + 9*o + 12. Let t be d(-8). Let n be t*-1 + 4 + -6. Is (9 - -1)*n/(-4) prime?
False
Suppose -4*f = 170 - 578. Suppose -f = -2*j + 4*s, 5*j = 2*s + s + 262. Is j composite?
False
Is (5 - -1660 - 5) + -3 composite?
False
Suppose 0 = -4*r + 5*n + 4538, 5*r + 1022 - 6715 = -4*n. Suppose s + 8*x + 591 = 9*x, -5*s - 3005 = 5*x. Let o = r + s. Is o a prime number?
True
Suppose 0 = 22*o - 21813 - 70169. Is o composite?
True
Let v be ((-14)/(-3))/(20/30). Suppose -2391 = -v*u + 4*u. Is u a prime number?
True
Let h(w) be the second derivative of 631*w**5/20 - w**4/12 + 2*w**3/3 - 3*w**2/2 - 6*w. Is h(1) a composite number?
False
Let d = -9 + 33. Suppose d*n = 22*n + 1262. Is n prime?
True
Let j be 1/4 - (-133)/28. Suppose -3*h = -j*z - 1260, 1239 = -h + 4*h + 2*z. Is h prime?
False
Let s(k) = -2 + 69*k - 25*k + 33*k. Is s(9) a prime number?
True
Let q be -1 + 19236/10 - 2/(-5). Suppose -2*t - q = -5*t. Is t composite?
False
Let x(i) be the third derivative of -157*i**4/24 - 2*i**3/3 + 12*i**2. Is x(-3) a prime number?
True
